e the remainder when 993724 is divided by 198743.
9
What is the remainder when 244275 is divided by 244233?
42
What is the remainder when 76829 is divided by 14?
11
Calculate the remainder when 59890960 is divided by 6474.
6460
What is the remainder when 183862922 is divided by 32?
10
What is the remainder when 191012 is divided by 446?
124
Calculate the remainder when 48591349 is divided by 467.
466
What is the remainder when 32513739 is divided by 70682?
19
What is the remainder when 82727 is divided by 1534?
1425
Calculate the remainder when 1245274 is divided by 52.
30
What is the remainder when 551527 is divided by 1692?
1627
Calculate the remainder when 31388616 is divided by 2362.
2360
What is the remainder when 3093506 is divided by 13?
0
Calculate the remainder when 1484540 is divided by 150.
140
What is the remainder when 37553201 is divided by 70?
21
What is the remainder when 125408878 is divided by 1380?
1378
Calculate the remainder when 1467910 is divided by 113.
40
Calculate the remainder when 198330 is divided by 198286.
44
What is the remainder when 370172 is divided by 185084?
4
What is the remainder when 2546286 is divided by 13?
2
What is the remainder when 691382 is divided by 1248?
1238
Calculate the remainder when 958402 is divided by 106481.
73
Calculate the remainder when 573401 is divided by 147.
101
What is the remainder when 308628861 is divided by 102876285?
6
Calculate the remainder when 96573 is divided by 2542.
2519
What is the remainder when 2147328 is divided by 466?
0
What is the remainder when 10371795 is divided by 4347?
4200
Calculate the remainder when 4781277 is divided by 6.
3
What is the remainder when 45053 is divided by 2668?
2365
What is the remainder when 41359 is divided by 4021?
1149
Calculate the remainder when 6021766 is divided by 1204349.
21
What is the remainder when 73692 is divided by 23289?
3825
What is the remainder when 553399 is divided by 184458?
25
What is the remainder when 4482694 is divided by 263684?
66
What is the remainder when 1836144 is divided by 315?
9
What is the remainder when 5109812 is divided by 1773?
26
Calculate the remainder when 9910991 is divided by 72343.
0
Calculate the remainder when 116711 is divided by 474.
107
What is the remainder when 814310 is divided by 182?
42
What is the remainder when 30252397 is divided by 17?
13
What is the remainder when 279314 is divided by 1301?
900
What is the remainder when 7253709 is divided by 2417901?
6
Calculate the remainder when 17016994 is divided by 102512.
2
What is the remainder when 153373770 is divided by 2970?
0
Calculate the remainder when 18636 is divided by 4027.
2528
What is the remainder when 1887862 is divided by 52408?
1174
Calculate the remainder when 49376807 is divided by 5112.
5111
Calculate the remainder when 10828125 is divided by 753.
738
What is the remainder when 414026 is divided by 2891?
613
Calculate the remainder when 164771163 is divided by 164771149.
14
Calculate the remainder when 209226 is divided by 104528.
170
Calculate the remainder when 2515998 is divided by 68.
66
Calculate the remainder when 1451137 is divided by 362776.
33
Calculate the remainder when 1433265 is divided by 7504.
1
What is the remainder when 1785637 is divided by 15802?
11
What is the remainder when 75321 is divided by 37557?
207
Calculate the remainder when 205702 is divided by 51403.
90
Calculate the remainder when 41142 is divided by 2075.
1717
What is the remainder when 21867402 is divided by 18?
12
What is the remainder when 7255063 is divided by 52194?
97
Calculate the remainder when 6219815 is divided by 116.
11
Calculate the remainder when 453232465 is divided by 26.
23
What is the remainder when 367928 is divided by 36750?
428
What is the remainder when 20525 is divided by 3993?
560
Calculate the remainder when 251065 is divided by 35485.
2670
Calculate the remainder when 108515407 is divided by 180859.
7
Calculate the remainder when 38597408 is divided by 13.
5
Calculate the remainder when 2468398 is divided by 2468381.
17
What is the remainder when 3689537 is divided by 3388?
5
What is the remainder when 22735404 is divided by 183350?
4
What is the remainder when 19513786 is divided by 7448?
26
Calculate the remainder when 78542657 is divided by 10.
7
Calculate the remainder when 216619 is divided by 2280.
19
What is the remainder when 112960107 is divided by 1025?
1007
What is the remainder when 170814 is divided by 3044?
350
What is the remainder when 51228501 is divided by 1236?
9
What is the remainder when 631259 is divided by 4126?
4107
What is the remainder when 11967 is divided by 1015?
802
What is the remainder when 25888 is divided by 8676?
8536
Calculate the remainder when 178146626 is divided by 1231.
1230
What is the remainder when 5434328 is divided by 905719?
14
Calculate the remainder when 4896404 is divided by 1332.
1304
Calculate the remainder when 2267972 is divided by 566993.
0
Calculate the remainder when 1926857 is divided by 212.
201
Calculate the remainder when 254341 is divided by 130.
61
What is the remainder when 421379 is divided by 8262?
17
What is the remainder when 7082452 is divided by 12784?
116
Calculate the remainder when 298483956 is divided by 38.
36
Calculate the remainder when 581844 is divided by 96971.
18
What is the remainder when 197158 is divided by 2607?
1633
What is the remainder when 32746 is divided by 16302?
142
Calculate the remainder when 3160564 is divided by 1385.
1379
Calculate the remainder when 484426 is divided by 484392.
34
Calculate the remainder when 9369640 is divided by 3840.
40
What is the remainder when 789161 is divided by 46404?
293
What is the remainder when 153274 is divided by 1460?
1434
What is the remainder when 523320 is divided by 882?
294
Calculate the remainder when 43827363 is divided by 644520.
3
What is the remainder when 67107322 is divided by 115?
107
Calculate the remainder when 999520 is divided by 228.
196
Calculate the remainder when 98660 is divided by 32673.
641
Calculate the remainder when 308156 is divided by 12836.
92
What is the remainder when 56145288 is divided by 15?
3
What is the remainder when 393731 is divided by 17102?
385
What is the remainder when 44968 is divided by 196?
84
What is the remainder when 681916 is divided by 703?
6
Calculate the remainder when 260140 is divided by 260113.
27
What is the remainder when 2688774609 is divided by 138?
135
Calculate the remainder when 2767198 is divided by 641.
1
What is the remainder when 605646 is divided by 461?
353
What is the remainder when 6737760 is divided by 6737394?
366
Calculate the remainder when 15850925 is divided by 546.
545
What is the remainder when 371993 is divided by 10326?
257
Calculate the remainder when 832328 is divided by 931.
14
What is the remainder when 25970 is divided by 151?
149
What is the remainder when 145757 is divided by 1191?
455
Calculate the remainder when 244637 is divided by 122318.
1
Calculate the remainder when 313921962 is divided by 31.
28
What is the remainder when 2014173 is divided by 287718?
147
What is the remainder when 59131378 is divided by 105?
103
Calculate the remainder when 9033766 is divided by 186.
118
Calculate the remainder when 32621 is divided by 32363.
258
Calculate the remainder when 297211 is divided by 66.
13
Calculate the remainder when 4312608 is divided by 1437522.
42
Calculate the remainder when 4416450 is divided by 95.
90
Calculate the remainder when 642689 is divided by 58.
49
Calculate the remainder when 4334341 is divided by 10010.
11
What is the remainder when 96299 is divided by 6489?
5453
Calculate the remainder when 354639 is divided by 177316.
7
What is the remainder when 21464688 is divided by 662?
0
Calculate the remainder when 97324727 is divided by 13.
6
What is the remainder when 1937751 is divided by 284?
19
Calculate the remainder when 1310054 is divided by 1054.
986
Calculate the remainder when 64488625 is divided by 809.
808
Calculate the remainder when 2166650 is divided by 47.
44
What is the remainder when 73688 is divided by 73659?
29
What is the remainder when 2513103 is divided by 119671?
12
What is the remainder when 28217 is divided by 26546?
1671
What is the remainder 